e factors of 39461904.
2, 3, 30449
What are the prime factors of 38235397?
17, 2249141
List the prime factors of 3468321385.
5, 17, 31, 1316251
What are the prime factors of 81270667?
81270667
List the prime factors of 66043298.
2, 37, 24121
List the prime factors of 74393951.
6037, 12323
List the prime factors of 1232770287.
3, 7, 677, 86711
What are the prime factors of 50210837?
101, 497137
List the prime factors of 37020028.
2, 9255007
What are the prime factors of 1518401374?
2, 7, 829, 130829
List the prime factors of 80751634.
2, 19, 2125043
What are the prime factors of 283397533?
193, 307, 4783
List the prime factors of 600613981.
11, 43, 1269797
List the prime factors of 647575746.
2, 3, 19, 5680489
List the prime factors of 5285894930.
2, 5, 528589493
What are the prime factors of 398193297?
3, 37, 167, 21481
List the prime factors of 95538311.
11, 31, 503, 557
What are the prime factors of 110373337?
19, 5809123
List the prime factors of 528671526.
2, 3, 883, 99787
List the prime factors of 519919469.
347, 1498327
List the prime factors of 50262366.
2, 3, 7, 11, 108793
What are the prime factors of 630846047?
13, 17, 23, 79, 1571
What are the prime factors of 596373293?
596373293
List the prime factors of 505721660.
2, 5, 79, 331, 967
What are the prime factors of 477850710?
2, 3, 5, 15928357
List the prime factors of 1476250727.
7, 149, 251, 5639
What are the prime factors of 882365530?
2, 5, 83, 617, 1723
List the prime factors of 2901862304.
2, 11, 8243927
List the prime factors of 57087632.
2, 7, 17, 29983
What are the prime factors of 1801856651?
7, 1931, 133303
List the prime factors of 4288832282.
2, 7, 37, 1091, 7589
What are the prime factors of 157829265?
3, 5, 11, 61, 5227
What are the prime factors of 40255522?
2, 41, 490921
What are the prime factors of 47609979?
3, 17, 41, 22769
What are the prime factors of 84119275?
5, 31, 108541
What are the prime factors of 89335248?
2, 3, 1861151
List the prime factors of 213013971.
3, 23, 67, 15359
What are the prime factors of 6016603151?
13, 47, 1061, 9281
What are the prime factors of 1647405664?
2, 89, 389, 1487
List the prime factors of 15363406.
2, 71, 108193
What are the prime factors of 21372059?
21372059
List the prime factors of 2070618816.
2, 3, 7, 1540639
What are the prime factors of 285692525?
5, 53, 215617
List the prime factors of 177504957.
3, 7, 2817539
What are the prime factors of 2854699241?
2854699241
List the prime factors of 55264450.
2, 5, 17, 79, 823
What are the prime factors of 314252581?
37, 229549
What are the prime factors of 222822376?
2, 7, 3978971
List the prime factors of 43986992.
2, 7, 392741
List the prime factors of 660054969.
3, 7, 10477063
List the prime factors of 2645607895.
5, 7, 43, 67, 26237
What are the prime factors of 86701062?
2, 3, 7, 223, 9257
List the prime factors of 1200894671.
17, 1051, 67213
List the prime factors of 2644373166.
2, 3, 440728861
List the prime factors of 14762794.
2, 47, 157051
List the prime factors of 835913712.
2, 3, 1483, 11743
List the prime factors of 19928286.
2, 3, 7, 158161
List the prime factors of 710595750.
2, 3, 5, 17, 55733
List the prime factors of 280514987.
4909, 57143
List the prime factors of 1427341316.
2, 127, 2809727
What are the prime factors of 204928589?
5107, 40127
What are the prime factors of 2915625488?
2, 182226593
List the prime factors of 131979135.
3, 5, 1117, 7877
List the prime factors of 8264716.
2, 2066179
What are the prime factors of 3906628667?
617, 1151, 5501
What are the prime factors of 59626509?
3, 43, 462221
What are the prime factors of 491546452?
2, 937, 131149
What are the prime factors of 1464498322?
2, 7, 2789, 37507
List the prime factors of 131106864.
2, 3, 7, 390199
List the prime factors of 83371350.
2, 3, 5, 137, 4057
List the prime factors of 257768356.
2, 29, 2222141
What are the prime factors of 1772932654?
2, 59, 15024853
List the prime factors of 24162282.
2, 3, 23, 58363
What are the prime factors of 2060137353?
3, 43, 3187, 5011
List the prime factors of 1343106014.
2, 241, 2786527
What are the prime factors of 50006123?
127, 393749
What are the prime factors of 181163231?
1373, 131947
List the prime factors of 576533659.
13, 29, 1529267
List the prime factors of 3847662981.
3, 557, 767537
What are the prime factors of 2529802605?
3, 5, 11, 107, 143291
List the prime factors of 97935200.
2, 5, 11, 31, 359
List the prime factors of 50494049.
107, 471907
List the prime factors of 122406546.
2, 3, 73, 101, 2767
List the prime factors of 327990650.
2, 5, 13, 179, 2819
List the prime factors of 23550279.
3, 241, 32573
What are the prime factors of 68941070?
2, 5, 11, 691, 907
List the prime factors of 1707071790.
2, 3, 5, 83, 113, 6067
List the prime factors of 2895150403.
19, 152376337
What are the prime factors of 551747703?
3, 13, 31, 456367
What are the prime factors of 8797568?
2, 13, 17, 311
What are the prime factors of 308574551?
157, 1965443
What are the prime factors of 203567120?
2, 5, 947, 2687
What are the prime factors of 1106848728?
2, 3, 15372899
List the prime factors of 182882094.
2, 3, 30480349
List the prime factors of 1284272827.
23, 367, 152147
What are the prime factors of 3092623?
17, 181919
What are the prime factors of 39641538?
2, 3, 6606923
What are the prime factors of 282924790?
2, 5, 571, 49549
List the prime factors of 45591962.
2, 13, 1753537
What are the prime factors of 3328856776?
2, 7, 59443871
What are the prime factors of 701403419?
47, 2791, 5347
What are the prime factors of 100402505?
5, 7, 137, 20939
What are the prime factors of 21876779?
21876779
What are the prime factors of 1119548389?
241, 4645429
List the prime factors of 2062410665.
5, 7, 6763, 8713
What are the prime factors of 401473254?
2, 3, 7, 13, 353, 2083
List the prime factors of 54018659.
103, 524453
What are the prime factors of 8586178?
2, 4293089
List the prime factors of 70727955.
3, 5, 29, 162593
List the prime factors of 1247224540.
2, 5, 199, 313373
What are the prime factors of 5032033522?
2, 31, 37, 277, 7919
What are the prime factors of 2322715784?
2, 290339473
What are the prime factors of 1796972424?
2, 3, 13, 19, 233, 1301
What are the prime factors of 544336894?
2, 137, 1986631
List the prime factors of 1109907669.
3, 13, 2189167
List the prime factors of 449041290.
2, 3, 5, 47, 167, 1907
What are the prime factors of 22812655?
5, 71, 179, 359
List the prime factors of 714816724.
2, 23, 31, 53, 4729
List the prime factors of 3813297303.
3, 83, 15314447
What are the prime factors of 4803019745?
5, 107, 8977607
List the prime factors of 963549060.
2, 3, 5, 59, 272189
What are the prime factors of 31844592?
2, 3, 13, 17011
List the prime factors of 305187508.
2, 163, 468079
What are the prime factors of 1100063370?
2, 3, 5, 7, 17, 308141
What are the prime factors of 1465861241?
13, 463, 243539
What are the prime factors of 87378729?
3, 29126243
List the prime factors of 512272226.
2, 256136113
What are the prime factors of 29963642?
2, 14981821
List the prime factors of 192404433.
3, 13, 1049, 4703
List the prime factors of 1233181860.
2, 3, 5, 31, 663001
List the prime factors of 227153796.
2, 3, 17, 23, 48413
List the prime factors of 959501353.
37, 25932469
List the prime factors of 4518439930.
2, 5, 23, 401, 48991
List the prime factors of 1727717233.
11, 3529, 44507
List the prime factors of 289768319.
29, 967, 10333
List the prime factors of 4461966277.
409, 10909453
What are the prime factors of 70231491?
3, 11, 709409
What are the prime factors of 15930629?
11, 13, 101, 1103
What are the prime factors of 827657881?
827657881
List the prime factors of 1163263616.
2, 1051, 8647
What are the prime factors of 4466278849?
10729, 416281
What are the prime factors of 69858670?
2, 5, 7, 41, 101, 241
List the prime factors of 4356494071.
37, 653, 180311
What are the prime factors of 324276704?
2, 181, 55987
List the prime factors of 583222576.
2, 1453, 25087
List the prime factors of 4499648393.
59, 941, 81047
What are the prime factors of 10078677?
3, 7, 159979
List the prime factors of 1817700643.
11, 307, 538259
What are the prime factors of 232357127?
41, 5667247
What are the prime factors of 255455554?
2, 179, 713563
List